= 203. What is the remainder when m is divided by 15?
12
Suppose 0 = -i + 24 + 14. Calculate the remainder when i is divided by 13.
12
Suppose -g - 26 = 13. Let p = g + 48. What is the remainder when 15 is divided by p?
6
Let q(l) = -l**3 - 5*l**2 - l + 12. Let v be q(-4). Suppose v = g - 5 - 10. What is the remainder when 28 is divided by g?
13
Let g = -3944 + 3961. Let o = -20 + -36. Calculate the remainder when g is divided by 2/3 + o/(-6).
7
Suppose 92*u - 570*u = 5249 - 22935. Let z = 4 - -10. What is the remainder when u is divided by z?
9
Suppose y - 4*v = 32 + 41, -3*y + 261 = 2*v. Calculate the remainder when y is divided by 43.
42
Let b = 219 - 184. Calculate the remainder when 83 is divided by b.
13
Let y = -457 - -639. Calculate the remainder when y is divided by 21.
14
Suppose -1 = -y - 0*y, -5*y - 265 = -3*p. Calculate the remainder when p is divided by 16.
10
Suppose -17*m + 5*m = 48. Let d(i) = -i**3 - 3*i**2 - 5*i + 4. Calculate the remainder when 79 is divided by d(m).
39
Suppose -u = -p + 9, 5*p + 0*p + 4*u = 0. What is the remainder when 39 is divided by p?
3
Let m(n) = -n**3 - 13*n**2 - 5*n - 3. Let i be (-2)/(-2 - 4)*-6. Let u = -11 + i. What is the remainder when m(u) is divided by 13?
10
Let v be ((-4)/12)/(4/(-60)). Suppose -4 = v*k - 44. Suppose 4*m + 5*t + 8 = 40, -4*m - k = -5*t. Calculate the remainder when 4 is divided by m.
1
Suppose -3*b = 5*l - 211, 73*b - 76*b = -5*l + 199. What is the remainder when 73 is divided by l?
32
Suppose -6*r + 42 = -4*r - 2*n, 0 = 3*r + 2*n - 48. What is the remainder when 142 is divided by r?
16
Let m(l) = -9*l + 254. What is the remainder when m(-10) is divided by 25?
19
Let y(w) = 610*w**3 - w**2 + 6*w - 7. What is the remainder when y(1) is divided by 21?
20
Let n be 1 + 0 + -1 + 4. Suppose 3*a - 384 = -3*c, -c + n*c = 2*a - 241. What is the remainder when a is divided by 32?
29
Calculate the remainder when 3628/8 - 1*(-4)/8 is divided by 12.
10
Suppose 232 = 5*o + 2*j - 24, -2*j = 3*o - 156. What is the remainder when 1447 is divided by o?
47
Suppose 2*i = 4*c + 242, -4*i + 27*c - 31*c + 508 = 0. What is the remainder when i is divided by 61?
3
Suppose 13*p + 17*p = 7290. Calculate the remainder when p is divided by 61.
60
Let l = -526 - -547. Calculate the remainder when l is divided by 7.
0
Suppose 5*x + 0*p - 2 = -2*p, -x = -5*p + 5. Suppose x = 6*b - 50 - 112. Calculate the remainder when b is divided by (-21)/(0 + (-9)/6).
13
Let f(p) = -p + 5. Let i be f(-3). Suppose -5*n - 189 = -i*n. Let r = n + -34. What is the remainder when r is divided by 11?
7
Suppose 24*g - 9*g = 750. Calculate the remainder when 93 is divided by g.
43
Suppose d - 5*y = -3*d + 208, 0 = 4*d - y - 208. Suppose 0 = 5*t - 3 - d. Calculate the remainder when t is divided by 4.
3
Let n(h) = 115*h + 3. What is the remainder when n(1) is divided by 20?
18
Suppose 20 = 5*u + 4*l, -5*l + 32 = -5*u + 7. Suppose -4 = -w - u. Let m = w - -1. What is the remainder when 13 is divided by m?
3
Let a(v) = 16*v**2 + 5*v - 7. Let k be a(2). Suppose 24 = -k*d + 70*d. Suppose 5*f - 6*f + 21 = 0. What is the remainder when f is divided by d?
5
Let w = 16 + 1. What is the remainder when w is divided by 9?
8
Let d(x) = x**3 - 6*x**2 - 7*x - 14. Let m(y) = -y**3 + 9*y**2 + 10*y + 21. Let f(h) = -7*d(h) - 5*m(h). What is the remainder when f(-3) is divided by 12?
11
Let q(v) = -2*v - v**3 + 3*v - 2*v - 4 - 3*v**2 - 2*v. Let m be q(-3). Suppose -i - m = -18. Calculate the remainder when 50 is divided by i.
11
Suppose -5*c - y + 51 = 0, -5*y - 2 + 4 = 2*c. Let x(p) = -p**2 - 4*p + p**2 + 7 + p**2 + 3. What is the remainder when x(8) is divided by c?
9
Let g be (1 - 1) + 12 + 0. Let v(s) be the first derivative of 3*s**2/2 + 45. What is the remainder when v(g) is divided by 13?
10
Suppose -f + 18*c - 23*c = -12, f - 4*c = 21. Calculate the remainder when 348 is divided by f.
8
Suppose -256*v + 192 = -248*v. What is the remainder when 260 is divided by v?
20
Suppose -973 + 1037 = 4*d. Calculate the remainder when 127 is divided by d.
15
Let m(k) = 4*k**2 - 12*k + 35. What is the remainder when 293 is divided by m(5)?
68
Let c be 18/12 - 771/(-6). Let m = c - 65. What is the remainder when m is divided by 17?
14
Suppose 149*b - 154*b + 4*r + 202 = 0, -2*r - 196 = -5*b. What is the remainder when 242 is divided by b?
14
Suppose 11*k - 5*i = 8*k + 48, -3*i = 0. Calculate the remainder when 126 is divided by k.
14
Suppose 55*a - 87*a + 2816 = 0. What is the remainder when 240 is divided by a?
64
Suppose -55*g = -42*g - 494. Suppose 0 = -2*a + 7*a - 105. Calculate the remainder when g is divided by a.
17
Let x(f) = 34*f. Suppose 3*r - 6*r - 2*d + 3 = 0, 5*r = -3*d + 5. Calculate the remainder when 101 is divided by x(r).
33
Suppose 4*j + p - 13 - 21 = 0, 0 = 2*p - 4. Suppose m + j = 3*m. Suppose -m*o - 2 = -14. Calculate the remainder when o is divided by 3.
0
Let p(o) = 43*o + 3. Let a be p(3). Suppose 3*h - 4*l - a = 21, -h - l + 44 = 0. Suppose -4*b + 0*b + 48 = 0. What is the remainder when h is divided by b?
11
Let i = -42 - -15. Let w(j) = -j + 10. Calculate the remainder when (1 - -3) + -2 + i/(-1) is divided by w(0).
9
Let b = -108 + 118. Suppose 108 = 3*f + f. Calculate the remainder when f is divided by b.
7
Let l = 14 - 8. Let p = -30 + 32. Suppose 4*k - 2*j = 8, 4*k = -k + p*j + 12. Calculate the remainder when l is divided by k.
2
Suppose 26 = 13*g - 806. What is the remainder when 126 is divided by g?
62
Let a = -76 + 121. What is the remainder when 14 is divided by 1/(a/(-12) + 4)?
2
Suppose -415 = -5*z - 4*l, -62 = 2*z - 4*l - 256. Let t = -8440 - -8463. Calculate the remainder when z is divided by t.
18
Suppose 19*o + 17*o = 180. What is the remainder when 35 is divided by o?
0
Let m(k) be the first derivative of k**2/2 + 11*k - 7. Let n = 66 + -43. What is the remainder when n is divided by m(-5)?
5
Suppose -2000 = -1029*w + 1013*w. What is the remainder when w is divided by 43?
39
Let y be (-3)/(-18) + (195/18 - 0). Suppose 208*l - 209*l = -y. What is the remainder when 21 is divided by l?
10
What is the remainder when 319 is divided by (-244)/(-610) - (-1106)/10?
97
Let k = -37 + 29. What is the remainder when k/10 - 2338/(-35) is divided by 17?
15
Suppose -5*j + 4*h = 7, 3*j - 10 = 7*j - h. Let r(o) = 2*o**2 - 2*o - 7. Let f = 13 + -4. What is the remainder when r(j) is divided by f?
8
Let q be 12/10*(-5)/2 + 17. Suppose 271 = q*y - 247. Let d = -13 + 27. What is the remainder when y is divided by d?
9
Let m(p) = -10 + 4*p + p**3 + 7*p - 2*p - p - 7*p**2. Let h be m(6). Suppose -h*x = -7*x + 30. Calculate the remainder when 22 is divided by x.
4
Let v = 16 - 9. Let k(y) be the second derivative of y**5/20 - y**4/2 - y**3 + 5*y**2/2 + 5*y + 8. Calculate the remainder when k(v) is divided by 5.
2
Let b be (-14)/(-21) + 39/9. Suppose 2*v - b = -5*o, 5*o - 2*v + 5*v = 10. What is the remainder when 53 is divided by 0/1 + (-18)/o?
17
Let v = -6 - -14. Let z(d) = -2*d**2 + 6*d - 3. Let i(b) = -b**2 + b. Let j(q) = i(q) - z(q). What is the remainder when j(v) is divided by 14?
13
Let x(q) = q**2 + 9*q + 8. Let t be x(-4). Let o be (-6)/t*(0 + 0). Let g(i) = -i**2 + i + 24. What is the remainder when 45 is divided by g(o)?
21
Let z(l) = 54*l + 161. What is the remainder when z(4) is divided by 118?
23
Suppose -5*z = g + 12 + 1, 44 = 2*g - 4*z. Suppose -5*w - k + 56 = 2*k, -k = -w + 8. Suppose w*t - 5*t = 295. Calculate the remainder when t is divided by g.
11
Let h(t) = 2*t**2 - 9. Suppose 7 = -4*l + l + 4*c, 3*c = -5*l + 27. Let v(n) = 3*n + 4. What is the remainder when h(4) is divided by v(l)?
10
Let m = 58 - 27. Calculate the remainder when m is divided by 4.
3
Let s(o) = o**3 + 7*o**2 - o - 14. Calculate the remainder when 194 is divided by s(-3).
19
Let x(g) be the first derivative of -g**4/4 - 14*g**3/3 - 15*g**2/2 - 16*g - 8. Let q be x(-13). Calculate the remainder when 198/(-2)*q/(-15) is divided by 17.
15
Let y = -8 - -11. Let v(n) = 5*n - 3. Let j be v(y). Suppose 5*l + 5*r - 4 - 51 = 0, -2*l + j = -3*r. Calculate the remainder when 16 is divided by l.
7
Calculate the remainder when 385 is divided by (-2)/(-6) - (280/(-15) + 5).
7
Let n be 1/(-8) - 337/(-8). What is the remainder when (-6)/4*(-4676)/n i